 prime factors of d.
23
Suppose 4*o = z + 12, 2*o + o - 32 = -5*z. Suppose -k + 195 = 5*u + 3*k, 3*u - 149 = o*k. What are the prime factors of u?
43
Let z = -129 + 374. List the prime factors of z.
5, 7
Suppose 46 = u + 4*u + 4*g, -28 = -2*u - 4*g. Suppose 2*z = 8, 0 = -2*v + z - 24 + u. Let x = 9 + v. What are the prime factors of x?
2
Suppose w - 115 = -3*h + h, -15 = 3*w. Suppose 0*g + h = 5*g. What are the prime factors of g?
2, 3
Suppose 8*k = 5*k. Suppose f = 4*h + 11 + 4, k = 4*f + h - 26. List the prime factors of f.
7
Suppose 596 = 7*w - 524. List the prime factors of w.
2, 5
Let r be (-1)/(((-3)/67)/3). Let k(o) = -o**3 + 7*o**2 + 9*o - 16. Let f be k(7). Let p = r - f. What are the prime factors of p?
2, 5
Suppose 5*x + 130 = 5*j, 29 + 17 = 2*j + x. Let t be 4 + -1 - (-4 - -6). Suppose t = 5*b - j. What are the prime factors of b?
5
Suppose -2*a = -a - 2. Let k be (-3)/2*-4 - a. Suppose -c = 2*f - 8, 2*c - f = k + 22. What are the prime factors of c?
2, 3
Let n = -47 + 63. List the prime factors of n.
2
Let x(b) be the first derivative of -b**6/360 + b**4/2 + 2*b**3/3 - 3. Let j(z) be the third derivative of x(z). What are the prime factors of j(0)?
2, 3
Let q(m) = 3*m + 1. Let g be q(2). Let b = g + -4. Suppose y + 24 = b*y. What are the prime factors of y?
2, 3
Suppose 3*w = -3*l + 297, 5*l + w - 301 - 198 = 0. List the prime factors of l.
2, 5
Suppose -3*a + 2*a - 3 = 0. Let h be (-1)/a*(-3 + 9). Suppose -f - h*f + 33 = 0. What are the prime factors of f?
11
Suppose 5*w = 4*d + 453, 0*w = 4*w + 4*d - 384. Let h = w - 65. Suppose -h = -3*o + q + 4, -17 = -2*o + 5*q. List the prime factors of o.
11
Suppose 2*m - 25 - 15 = 0. Let u = 0 - -2. Suppose -2*x - u*x = -m. What are the prime factors of x?
5
What are the prime factors of -1*(3 - 2) - -51?
2, 5
Suppose -2*u + y + 2 = -1, -2*u - 4*y = -8. Suppose h - u*z = 6, -z - 12 = -3*h + 11. List the prime factors of h.
2
Suppose 48*b = 47*b + 32. List the prime factors of b.
2
Suppose -14*l + 11*l = -117. List the prime factors of l.
3, 13
Let g(u) = -u + 1. Let x be g(-1). Suppose 2*m = 3*a + 38, -46 = -4*m + x*m + 5*a. What are the prime factors of m?
13
Let u = -15 + 23. What are the prime factors of u?
2
Let j be (29 - 1)/((-14)/(-49)). Suppose -2*z = -j + 30. What are the prime factors of z?
2, 17
Suppose -4*r - 2*y = 38, 2*r - y = -23 - 2. Let d be (-3)/(-12) + r/(-4). Suppose d*h - 28 = -4*j, 2*h - 4*j = -1 - 7. List the prime factors of h.
2
Suppose 3*w = -15, 2*a - w = 4*w + 101. What are the prime factors of a?
2, 19
Let w(d) = -17*d**3 + d - 1. What are the prime factors of w(-2)?
7, 19
Let x(j) = -j**2 + 20*j - 1. What are the prime factors of x(10)?
3, 11
List the prime factors of ((-3)/(-1 + 4))/((-3)/399).
7, 19
Suppose 24 - 2 = 2*s. Let k = 6 + s. List the prime factors of k.
17
Suppose -24*p + 23*p = -146. What are the prime factors of p?
2, 73
Suppose 4*u - 3*n - 15 = 0, 2*u - 4 = 5*n + 7. Suppose -g = u*g. Suppose 4*p - 40 = -g*p. List the prime factors of p.
2, 5
What are the prime factors of 39 - (-12)/(3/1)?
43
Let r = 41 + -76. Let a = r - -22. Let v = 28 + a. List the prime factors of v.
3, 5
Let m(b) = 2*b**3 + 2*b**2 - b. Let i be m(1). Suppose 23 = i*j - 4. Suppose -3 = -d + j. List the prime factors of d.
2, 3
Let t = 77 + -2. What are the prime factors of t?
3, 5
Let q = -2 - -4. Suppose -4*i = 5*c - q, i + 2 = -0. Suppose -c*u = u - 24. What are the prime factors of u?
2
List the prime factors of 1/(-3 + 220/72).
2, 3
Let f = 6 - 14. Let o = f - -30. List the prime factors of o.
2, 11
Suppose 0 = -27*v + 26*v + 6. Suppose 5*x - v = 24. What are the prime factors of x?
2, 3
Suppose 2*t + 2*y = y + 8, 5*y + 5 = 5*t. Let f be -9*(-2 + 1) + (-16)/8. Suppose t*h - f = 59. List the prime factors of h.
2, 11
Let z(s) = -3*s - 2. Suppose t + 4 = -2. What are the prime factors of z(t)?
2
Suppose 5*x - 4*a = 6*x + 5, 60 = 3*x - 3*a. List the prime factors of (-10)/(-75) + 403/x.
3
Let a(j) be the second derivative of j**5/20 - j**4/4 - j**3/2 + 2*j**2 + 2*j. Let b be a(4). Suppose b - 29 = -3*f. List the prime factors of f.
7
Let k = -11 - -13. What are the prime factors of k?
2
Suppose -n + 26 = -2. Suppose -4*w = j - 1 - n, 5*w + 5*j = 55. What are the prime factors of w?
2, 3
Let w(g) = 11*g - 1. Let t be w(-2). Let l = 54 + t. What are the prime factors of l?
31
Let w = 68 + -41. Let m = -7 - 12. Let f = m + w. List the prime factors of f.
2
Let t(u) = 7*u**2 + 6*u. Let f be t(-9). What are the prime factors of (-3)/(f/174 - 3)?
2, 29
Let g(t) = 0 - 1 + 6 - 4 + 21*t. What are the prime factors of g(2)?
43
Let d(x) = 6*x + 6. Let u(q) = 9*q + 9. Let b(j) = -8*d(j) + 5*u(j). Let z = 1 + -3. List the prime factors of b(z).
3
Let h = -3 + 12. What are the prime factors of ((-6)/(-9))/(2/h)?
3
Let y = -24 - -239. Suppose 0 = 2*a - 7*a + y. List the prime factors of a.
43
Let t(d) be the second derivative of d**5/20 + d**4/12 - d**3/6 - d**2/2 - d. What are the prime factors of t(2)?
3
Let q = -10 + 9. Let r = 16 - q. List the prime factors of r.
17
Suppose -w - 3*w + 12 = 0. Suppose w*z = 4*i - 176, i - 3*i + 94 = -3*z. What are the prime factors of i?
41
Let a(l) = l**2 - l + 16. Let h be a(0). Suppose -2*n + 14 = -h. What are the prime factors of n?
3, 5
Let o = -11 - -24. List the prime factors of o.
13
Let w(m) = m**3 - m**2 + m + 2. Let u be w(-2). Let y = u + 19. Suppose 25 = y*k - 2*k. What are the prime factors of k?
5
Let b(x) be the first derivative of x**2/2 + 3*x - 2. Suppose 0 = 5*r - 5*f - 15, -r - 21 = -4*r - 3*f. What are the prime factors of b(r)?
2
Let c(w) be the second derivative of -w**3/2 + w**2 + 2*w. Let v be c(2). List the prime factors of (-10)/v*(-10)/(-5).
5
Let w be ((-24)/9 - -2)*15. Let c(d) = -d**2 - 10*d + 18. What are the prime factors of c(w)?
2, 3
List the prime factors of ((-10)/(-4))/((-2)/344*-2).
5, 43
Let v = 31 - 74. Let s = -20 - v. What are the prime factors of s?
23
Suppose -10*z + 8*z = 0. Suppose -5*t = -z*t - 165. What are the prime factors of t?
3, 11
Suppose -2*s - 6 = 0, -2*c + 6*s - 2*s = -16. Suppose 0 = m - c - 18. What are the prime factors of m?
2, 5
Let c(t) = -46*t. Let f be c(-2). Suppose -d - 3*d = f. What are the prime factors of 6/(-8) + d/(-4)?
5
Suppose 2*q + 35 = 7. Let u = 20 + q. What are the prime factors of u?
2, 3
Suppose r + 0*l - 20 = -3*l, -4*r + 45 = 5*l. List the prime factors of r.
5
Suppose 5*s + 5*t - 70 = 0, -3*s = t - 9 - 27. What are the prime factors of s?
11
Suppose 4*g = 8*g - 52. List the prime factors of g.
13
Let u = 16 - 13. List the prime factors of u.
3
Let f = 18 - 6. List the prime factors of f.
2, 3
Suppose -5*j = -4*r - r + 20, 3*r + 2*j = 22. Suppose 4*o = r + 6. List the prime factors of (-1)/(-1) + 7 + o.
11
Let x(b) = -23*b**3 - b. Let a be x(-1). Suppose -3*t + 0 + a = 0. What are the prime factors of t?
2
Let q(f) = f**2 - f + 2. Let j be q(-3). Let w be j*1/(3 + -1). Let r = 10 - w. What are the prime factors of r?
3
What are the prime factors of 3/4*(-7)/((-7)/152)?
2, 3, 19
Let y = -181 - -270. Suppose -4*i = -5*b - 25, 5*i - b = 2*b + 28. Suppose i*j + d + d - y = 0, 2*d - 72 = -4*j. What are the prime factors of j?
17
Let g = 3 - 1. Let x be g - (-1 - (0 - 0)). Suppose i + 56 = 5*v, -x*i - 2*i - 38 = -3*v. List the prime factors of v.
11
Suppose -x - 4*x + 65 = 0. Suppose -2*d = 5*t + 3*d - 15, -3*d + x = 4*t. Suppose 37 - 9 = t*c. List the prime factors of c.
7
Suppose -2*v = 2*v. Suppose v = -3*t + 81 + 54. List the prime factors of t.
3, 5
Let w = 44 + 13. List the prime factors of w.
3, 19
Suppose 5*o - 4*o = -2*l - 1, 2*o - 4*l = 14. Suppose -40 = -2*n - o*n. What are the prime factors of n?
2
What are the prime factors of ((-2)/(-3))/(8/2508 - 0)?
11, 19
Let k(v) = -9*v + 3. What are the prime factors of k(-4)?
3, 13
Let r = -6 + 9. Suppose 3*n = -o + 17, 5*n - r*o - 19 = -0*n. Suppose -n*f = -3*f - 4. What are the prime factors of f?
2
Suppose -2 - 82 = -4*x. What are the prime factors of x?
3, 7
Let a(j) = -j**3 + 12*j**2 + 5*j + 4. Let f(d) = d**2. Let l(p) = -a(p) + 6*f(p). List the prime factors of l(7).
2, 5
Suppose s - 4 = 3*s. Let x = s - 1. Let c = x - -15. List the prime factors of c.
2, 3
Let z(h) = h**2 + h. Let n(i) = -4*i**2 - 8*i - 2. Let